)/(-3763)).
53, 71
Suppose -5*k + t + 2169 = 0, 3*k = 2*t - 301 + 1601. Let m = k + -387. List the prime factors of m.
47
Let w(s) = -108*s**3 - 8*s**2 + 34*s + 186. What are the prime factors of w(-4)?
2, 3, 17, 67
Let u be (30/(-25))/(763/(-385) - -2). Suppose -4*l - 6240 = -l. What are the prime factors of (l/u - 4/22)*3?
2, 47
Suppose 18947 = -2*i + 23*i - 485200. List the prime factors of i.
24007
Suppose 68*h - 63*h - 2205 = 0. Let f = h + 16. List the prime factors of f.
457
Let t(n) = 2*n**2 - 9*n + 66. Let a = -111 + 126. What are the prime factors of t(a)?
3, 127
What are the prime factors of (0 + 5 + (-35 - -35))*1013?
5, 1013
Let r(w) = -w**3 - 47*w**2 - 77*w - 183. List the prime factors of r(-48).
3, 7, 277
Let k = 64111 + -40829. List the prime factors of k.
2, 7, 1663
Suppose 5*d + 65 = 5*l, -d = 2*l + 3*d - 2. Let v(f) = 27*f - 42. What are the prime factors of v(l)?
3, 67
Suppose 132*m = 17*m + 3486110. List the prime factors of m.
2, 23, 659
Let y(l) be the third derivative of -l**4/12 + 5*l**3/3 + 204*l**2. Suppose -25 = 2*p - 3*i + 6, 4*p + 4*i + 12 = 0. List the prime factors of y(p).
2, 13
What are the prime factors of 325560/78 - 7/((-182)/4)?
2, 2087
Let s = 26105 + -9974. What are the prime factors of s?
3, 19, 283
Let w = 129 + -124. Let p(i) = 379*i - 126. List the prime factors of p(w).
29, 61
Let r(g) = 3*g**2 - 164*g + 106. List the prime factors of r(89).
3, 11, 281
Suppose 14280 = 235*i - 195*i. What are the prime factors of i?
3, 7, 17
Let s(b) = -2*b**2 + 38*b - 11. Let k be s(20). Let a be k/34*4/(-6) - -95. Suppose -417 - a = -3*q. What are the prime factors of q?
3, 19
Suppose 2*r + 5*q + 1773 - 15729 = 0, 5*q - 10 = 0. What are the prime factors of r?
19, 367
Suppose 54604 = -14*u + 160248. List the prime factors of u.
2, 7, 11
Let f(y) be the third derivative of 3/8*y**4 - 3*y**3 + 5*y**2 - 1/6*y**5 + 0 + 0*y - 1/120*y**6. What are the prime factors of f(-11)?
2
Let t = 35 - 17. Let r be (-2472)/(-54) - (-4)/t. Let x = r + -26. List the prime factors of x.
2, 5
What are the prime factors of (0 - 11)*-409 + 16 + -16?
11, 409
Let q(m) = m**3 - 9*m**2 + 8*m + 6. Let d be q(8). Suppose d = l - 6. Let a = 13 + l. List the prime factors of a.
5
Suppose m + 3*h = 17, -h = -2*m - 4 + 3. Suppose -m*y - j = -156, 306 = 5*y + 5*j - 74. What are the prime factors of y?
2, 5
Let a be 3 - (-3 - (-7 - 0) - 3124). Let p = a + -1768. What are the prime factors of p?
5, 271
Suppose 2*j - d - 8303 = 4319, 4 = d. What are the prime factors of j?
59, 107
Let u be (2 - 16/10)*(24 + 16). Suppose 12*h - 49644 = -u*h. List the prime factors of h.
3, 197
Suppose 58 = 2*d + 66. List the prime factors of (586 + d)/2 - 3.
2, 3
Let o = 2337 - 806. What are the prime factors of o?
1531
Suppose -51 = -3*p - 12. Let o(i) = -13*i**2 + 8*i + p - 26*i - i**3 + 8*i + 17. What are the prime factors of o(-12)?
2, 3
Let z(m) = 45*m - 35. Let v be z(8). Suppose 0 = -p - 17 + v. What are the prime factors of p?
2, 7, 11
Suppose 4*u = 2*z + 24, -5*z = -u - 0*z + 6. What are the prime factors of (-17 - 3)/((-3 + 1)/u)?
2, 3, 5
Suppose 17 + 73 = -6*h. Let x = -13 - h. Suppose -132 = x*y - 4*y. What are the prime factors of y?
2, 3, 11
Let x = 171 + -117. Suppose -5*c - x = 21. What are the prime factors of (-5)/c - 196/(-6)?
3, 11
Let p = 297 + -290. Let b(y) be the second derivative of y**4/4 - 5*y**3/3 + 10*y**2 - 3*y. List the prime factors of b(p).
97
Let w = -59 - -64. Suppose -4*o - 67 = -w*f + 88, 3*f + 105 = -2*o. What are the prime factors of (-120)/o*(-141)/(-2)?
2, 47
Let w be 6/((-7)/(126/(-12))). What are the prime factors of (w/6)/(3/1282)?
641
Let q(u) = -16 - 2*u + 40 - 4*u**2 + 17. Let m be q(-7). Let l = 259 + m. List the prime factors of l.
2, 59
Let t = 20 + -11. Let g(f) = -4*f + 34. Let j be g(t). What are the prime factors of 2*j - 3/((-6)/170)?
3
Let q(c) = 11*c + 99. Let r be q(-14). Let j = r - -437. What are the prime factors of j?
2, 191
Let t = 260 + -82. Suppose -t + 36 = -b - 2*o, 710 = 5*b + 3*o. What are the prime factors of b?
2, 71
Suppose -v = -11 + 19. Let z be (-2 + 47)/(7 + v). Let j = z - -91. What are the prime factors of j?
2, 23
Let r(x) = -20*x - 51. Let m be r(-3). List the prime factors of 7112/21 - 6/m.
2, 13
Let v(r) = r**2 + 2*r - 5. Let s be v(-4). Suppose 192 = s*f + 3*f. List the prime factors of 4/(f/20)*26.
5, 13
Let c be 48480/(-88) - (-6)/(-66). Let y = -343 - c. List the prime factors of y.
2, 13
Suppose 1073*p = 1140*p - 1116622. List the prime factors of p.
2, 13, 641
Let w be 190/(-19)*(6/10 - 1). Suppose 5*r + 2*y - 211 = 0, 0 = w*r - 0*y + 3*y - 166. Let u = r - -57. What are the prime factors of u?
2, 5
Let s(r) = 332*r**3 + 2*r**2 - 18*r + 50. List the prime factors of s(3).
2, 67
Suppose 10*p - 48 = 2*p. Let d(h) = 92*h + 26. List the prime factors of d(p).
2, 17
Let s = 168542 + -104238. What are the prime factors of s?
2, 4019
List the prime factors of 68/119*(4 - 181155/(-10)).
2, 31, 167
Let s be (14/(-35) - 27/(-5)) + -1. Suppose s*m = -2*z + 160, -4*z + 320 = -0*z - m. Let c = -22 + z. What are the prime factors of c?
2, 29
Let f(x) be the first derivative of 3*x**4/4 - 4*x**3/3 + 2*x**2 - 3*x - 1. Let v = -1043 + 1045. What are the prime factors of f(v)?
13
Let k = -72 - -65. Let y be k/(4*2/72). List the prime factors of (2 + y)*((-7 - -1) + 5).
61
Let q(a) = -a**3 - 13*a**2 - 3*a - 7. Let z be q(-12). Let h be (-12)/18*(-498)/2. Let l = z + h. What are the prime factors of l?
3, 17
Let o be (-1)/((10/4816)/(-5)). Let n be ((-3)/(-4))/(7/o). Suppose -2*j - 2*j - 5*g + n = 0, j - 72 = -5*g. List the prime factors of j.
2, 31
Let n = 33 + -88. Let y = 74 + n. Suppose -f - 6 + 3 = 0, h = 3*f + y. What are the prime factors of h?
2, 5
Let d(u) = -u**3 + 13*u**2 - 25*u - 3. Let f be d(3). Let l = f + 440. List the prime factors of l.
2, 113
Suppose 105*r - 1776555 = -80*r. List the prime factors of r.
3, 11, 97
Let n be (7 - 3)*(-1)/5*180/(-24). Let h be (-1 + 2/2)/(-1). Suppose n*s + h*s = 180. What are the prime factors of s?
2, 3, 5
Suppose -5*m = -24 - 1. Let r(p) = 77*p - 1464. Let j be r(19). What are the prime factors of j/((-5880)/1175 + m)?
5, 47
Suppose -4*o = 3*k + 24 - 0, 0 = 2*k - o + 5. Let f(j) = -4*j - 10. Let g be f(k). Let p = 15 + g. What are the prime factors of p?
3, 7
Suppose -19874 = -3*h + 4*y + 59515, -h - 2*y = -26463. List the prime factors of h.
3, 8821
What are the prime factors of -15 - -24 - (-77995 - -13)?
3, 25997
Let n(c) = 4006*c + 62. What are the prime factors of n(1)?
2, 3, 113
Suppose 0 = 3*f + 3*i - 45657, 4*f + 9428 = -2*i + 70300. What are the prime factors of f?
15217
Let h = -18305 + 32783. List the prime factors of h.
2, 3, 19, 127
Suppose 132*d - 2688111 = 127053. What are the prime factors of d?
3, 7109
Let r be (16 + -92)*(-4 - (-1 - -1)). Suppose -4*g + 5512 - r = 0. Suppose -31*b = -24*b - g. What are the prime factors of b?
2, 3, 31
Let d = -1267 - -3192. Suppose 11*i - d = 6*i. List the prime factors of i.
5, 7, 11
Let l(y) = -7*y**3 - 89*y**2 + 9*y + 153. List the prime factors of l(-25).
2, 26839
Suppose -213198 = -5*k - 8*y, -8*k = -4*k + 5*y - 170564. What are the prime factors of k?
2, 21323
Let b be (-248)/6*(4/(-8) + -1). Let x = 63 - b. What are the prime factors of x - (-96 + 8/4 + 0)?
5, 19
Suppose 6 = -o - 3*l, -4*o - l + 4*l = -21. Let c(a) = -4*a - 3*a**o + 10*a**2 + 8*a + 27 - 16*a + 2*a**3. List the prime factors of c(6).
3, 11
Suppose 24*z - 1032902 = 8*z - 10*z. List the prime factors of z.
39727
Suppose -3*d - 2057 + 65 = -5*v, -d = -1. Suppose 1619 - v = 5*j. What are the prime factors of j?
2, 61
Suppose -19*c - 189 - 20 = 0. Let m(g) = g**2 - 40*g + 7. List the prime factors of m(c).
2, 71
Let z = -208 + 277. Suppose -u = 593 + 1343. List the prime factors of z/(-115) - u/10.
193
List the prime factors of 2/(-14) + 3566515/595.
2, 3, 37
Let g = 5058 + -4378. List the prime factors of g.
2, 5, 17
Let u = 27 - 27. Suppose 2*z + u*s + 4*s + 386 = 0, 579 = -3*z + 2*s. Let h = z + 304. What are the prime factors of h?
3, 37
Let v(t) = 85*t**3 - 6*t**2 + 27*t - 86. List the prime factors of v(5).
2, 3, 877
Let c(g) = 15*g**2 - 5*g + 1. Let a(j) = -31*j**2 + 11*j - 2. Let l(w) = -6*a(w) - 13*c(w). Let q be l(-1)